{"id":567,"date":"2019-04-28T20:11:13","date_gmt":"2019-04-28T18:11:13","guid":{"rendered":"https:\/\/hizi.it\/web\/?page_id=567"},"modified":"2019-05-04T10:44:06","modified_gmt":"2019-05-04T08:44:06","slug":"idrico","status":"publish","type":"page","link":"https:\/\/hizi.it\/web\/software\/idrico\/","title":{"rendered":"Idrico"},"content":{"rendered":"\n<h2>Rilievo Letture e Contatori idrici<\/h2>\n\n\n\n<p>La Hizi s.r.l. ha ideato e messo a punto un sistema informatico per la gestione del rilievo delle letture e posizioni dei contatori idrici.<\/p>\n\n\n\n<p class=\"has-drop-cap\">Il sistema, denominato <strong>Hizi RLC<\/strong>, giunto ormai alla versione 3.1, non \u00e8 un software gestionale, cio\u00e8 dedicato alla gestione dei contratti e dei ruoli idrici anche se \u00e8 ad esso virtualmente connesso [1].<\/p>\n\n\n\n<p><strong>Hizi RLC interviene\nnella fase di rilievo delle letture necessarie per determinare i consumi e\nconsente anche un preciso posizionamento dei contatori su mappa\n(georeferenziazione).<\/strong><\/p>\n\n\n\n<p>Importati i dati nel Sistema (contatori ed anagrafica utenti [2]) questi possono essere caricati selettivamente su ciascun Tablet fornito in &nbsp;dotazione ai letturisti. Gli stessi operatori, guidati nelle attivit\u00e0 dall\u2019applicazione RLC mob, registreranno le letture, le foto e le posizioni che successivamente provvederanno a caricare nel Cloud del Sistema Hizi RLC.<\/p>\n\n\n\n<p>La piattaforma web, che \u00e8 incentrata sulla visualizzazione geografica dei dati, in pratica \u00e8 un vero&nbsp; e proprio G.I.S. [3], consente di visionare, controllare e&nbsp; validare i dati rilevati in campo dai diversi letturisti per poi esportarli verso il Software gestionale, il tutto in maniera veloce, intuitiva ed efficace.<\/p>\n\n\n\n<p>Il Sistema Hizi RLC \u00e8 molto versatile e trova grande utilit\u00e0 anche nei casi in cui serva ricostruire solo la mappa dei contatori (\u00e8 il caso ad esempio dei contatori dotati di telelettura) ovvero quando occorra solo effettuare la lettura dei consumi ed il fotorilievo (ossia quando le posizioni sono gi\u00e0 note).<br><\/p>\n\n\n\n<hr class=\"wp-block-separator\"\/>\n\n\n\n[1]<em> Hizi RLC pu\u00f2 essere utilizzato con qualsiasi gestionale in uso al Concessionario\/Gestore del Servizio Idrico, in quanto acquisisce da quest\u2019ultimo i dati necessari per il rilievo e restituisce i valori acquisiti in campo. <\/em><\/p>\n\n\n\n[2] <em>forniti dal software gestionale.<\/em><\/p>\n\n\n\n[3] <em>Un Geographic Information System (Sistema informativo geografico) \u00e8 un insieme di strumenti informatici concepito per descrivere ed analizzare elementi sulla superficie terrestre.<\/em><\/p>\n","protected":false},"excerpt":{"rendered":"<p class=\"qua-blog-post-description\">Rilievo Letture e Contatori idrici La Hizi s.r.l. ha ideato e messo a punto un sistema informatico per la gestione del rilievo delle letture e posizioni dei contatori idrici. Il sistema, denominato Hizi RLC, giunto ormai alla versione 3.1, non \u00e8 un software gestionale, cio\u00e8 dedicato alla gestione dei contratti e dei ruoli idrici anche [&hellip;]<\/p>\n","protected":false},"author":3,"featured_media":0,"parent":559,"menu_order":0,"comment_status":"closed","ping_status":"closed","template":"","meta":[],"_links":{"self":[{"href":"https:\/\/hizi.it\/web\/wp-json\/wp\/v2\/pages\/567"}],"collection":[{"href":"https:\/\/hizi.it\/web\/wp-json\/wp\/v2\/pages"}],"about":[{"href":"https:\/\/hizi.it\/web\/wp-json\/wp\/v2\/types\/page"}],"author":[{"embeddable":true,"href":"https:\/\/hizi.it\/web\/wp-json\/wp\/v2\/users\/3"}],"replies":[{"embeddable":true,"href":"https:\/\/hizi.it\/web\/wp-json\/wp\/v2\/comments?post=567"}],"version-history":[{"count":10,"href":"https:\/\/hizi.it\/web\/wp-json\/wp\/v2\/pages\/567\/revisions"}],"predecessor-version":[{"id":692,"href":"https:\/\/hizi.it\/web\/wp-json\/wp\/v2\/pages\/567\/revisions\/692"}],"up":[{"embeddable":true,"href":"https:\/\/hizi.it\/web\/wp-json\/wp\/v2\/pages\/559"}],"wp:attachment":[{"href":"https:\/\/hizi.it\/web\/wp-json\/wp\/v2\/media?parent=567"}],"curies":[{"name":"wp","href":"https:\/\/api.w.org\/{rel}","templated":true}]}}